est common divisor of 50 and o?
10
Let m(q) = 576*q**3 + q**2 + 9*q - 10. Let c be m(1). Let p = c + -511. Calculate the highest common factor of 52 and p.
13
Suppose 668 = -91*n + 2943. What is the highest common divisor of n and 5925?
25
Suppose 3*m = 5*v - 601, -232 = 167*v - 169*v + 4*m. Calculate the highest common divisor of v and 6222.
122
Suppose 3*i - 2*k - 19 = 0, -3*k = -2*i - 0*k + 11. Suppose -i*c - 505 = -183. Let u = c - -58. What is the greatest common factor of u and 108?
12
Let w(q) = -7*q + q**3 + 2*q - 861 + 853 - q**2. Let r be w(5). Let d = 82 - r. What is the greatest common factor of 45 and d?
15
Let m(i) = i**3 + 7*i**2 + 6*i + 3. Let y be m(-6). Suppose -3*u + 563 = -2*z, 3*u + y*z = u + 371. What is the highest common divisor of 17 and u?
17
Let b = 1753 - 1345. What is the highest common divisor of 289 and b?
17
Suppose -4326 = 52*b - 121*b + 10440. Calculate the greatest common divisor of 963 and b.
107
Let a = 468 + -74. Suppose 46 + a = 11*r. Calculate the highest common divisor of r and 100.
20
Let t = 3348 + -2549. What is the greatest common factor of t and 47?
47
Let h be -438 + 5 - 5/(-1). Let t be (8/6)/(h/144 - -3). Suppose 3*u - 2*b = 48, 3*u + 2*b - b - t = 0. Calculate the highest common divisor of 112 and u.
16
Suppose -40 = -r + 4*q, 3*r + 3*q = 112 - 22. Suppose 5*m - r = 4*m. Suppose 150 = 2*n - m. What is the highest common factor of n and 13?
13
Let w be (-1)/((-2)/10)*2. Suppose 103*s + 593*s - 1511 - 36769 = 0. Calculate the highest common divisor of w and s.
5
Suppose 20 = 4*n, 16*a - 8 = 18*a - 4*n. Let y(t) = t**2 - 13*t + 9. Let x be y(13). What is the greatest common factor of x and a?
3
Let x = -34514 + 34696. Let o be (7*2)/(-1 + 2). Calculate the greatest common divisor of o and x.
14
Suppose -5*p + 14303 = 2*z, 7*p + 35715 = 5*z + 11*p. What is the greatest common divisor of 363 and z?
121
Let g(z) = 1724*z + 9048. Let y be g(-5). Calculate the greatest common factor of y and 100.
4
Suppose 0*y - 1593600 = -400*y. Calculate the greatest common factor of 336 and y.
48
Suppose -2*s = x - 511, s - 233 = -162*x + 157*x. What is the highest common factor of s and 108?
6
Suppose -3*t = -5*o - 1019, -5*t - 2*o + 1560 = -66. Calculate the greatest common factor of 136 and t.
8
Let t(u) = -198*u**2 + 2*u + 15. Let w be t(0). What is the greatest common divisor of 231 and w?
3
Suppose 6*k = 2*k + 16. Let i = 204 - 38. Let j = i - k. What is the highest common divisor of j and 18?
18
Suppose 0 = i + 20*i - 1701. Suppose 8*a = -a + i. Calculate the highest common factor of a and 24.
3
Let h(y) be the first derivative of 10*y**3 + y**2/2 + 2*y + 194. Let t be h(1). What is the highest common factor of t and 1353?
33
Let b be 12/5*(3430/147)/((-1)/(-13)). What is the greatest common divisor of b and 56?
56
Let i(x) = -7*x + 30. Let n be i(-16). Let k = 152 - n. Calculate the greatest common factor of k and 20.
10
Let q = 66 + -67. Let t be (q + 2)*(-15)/(-1)*1. Suppose 2*p - t = 25. What is the greatest common factor of 50 and p?
10
Suppose -4*s = 2*p + 5 - 73, 2*p + s = 59. Let i be 0*(-4)/(-7 - 1). Suppose 11*l - 80 + 3 = i. What is the greatest common divisor of p and l?
7
Suppose -3*h = 5*k - 54 - 152, -h = 5*k - 62. Let c = h - -12. Let q be (-2)/(-4) - 69/(-6). Calculate the highest common divisor of c and q.
12
Suppose -5*s = -106 - 244. Suppose -74 + s = -2*v. Suppose 0*f = -v*f + 110. What is the highest common divisor of 605 and f?
55
Let y(t) = t - 21. Let n be y(21). Suppose n = 8*a - 11*a + 108. Let i be (a/10)/(1/15). What is the greatest common divisor of i and 18?
18
Let l be (-1 - (0 + -3)) + 65/5. Let v be 2/(-7) - l/21. Let r be (v - -13) + (7 - 11). What is the highest common factor of r and 24?
8
Let c = 3566 + -3543. What is the greatest common factor of c and 943?
23
Let n = 63138 + -35965. What is the greatest common divisor of n and 29?
29
Suppose l + 4*d + 9 = 3, l - 2*d - 18 = 0. Suppose -l*w - 12*w = -9900. Calculate the highest common factor of 18 and w.
18
Suppose -763 = 6*r - 775. Suppose 4*w + 17 = 5*w - g, -r*w + 4*g + 26 = 0. What is the greatest common divisor of w and 63?
21
Suppose 5*y - 191 = -4*t, -40*t - 3*y = -36*t - 185. What is the greatest common divisor of 184 and t?
4
Suppose -10*i + 1568 - 218 = -190. Calculate the greatest common divisor of 1408 and i.
22
Let g = 64 + -75. Let n = g + 23. Let f be -5*n/20*-4. What is the greatest common divisor of f and 24?
12
Let w be 8 + (1 - (1 - 0)). Let j be (-561688)/(-3050) - (-8)/(-50). Calculate the greatest common factor of w and j.
8
Suppose -586 = -32*b + 598. Suppose -5*s - 1 = 2*o + 1, -5 = 5*o. Let m be (s + 8)*296/32. What is the highest common divisor of b and m?
37
Let l be 4/(-14) - (4344/21)/4. Let h = 112 + l. Suppose 5*v - 2*g - 2*g = 80, 3*v = -5*g + 85. What is the highest common divisor of h and v?
20
Let k be (-116)/(-18)*46/4 + (-768)/6912. Let u(j) = 26*j - 5. Let t be u(13). Calculate the greatest common divisor of k and t.
37
Let b(l) = l**3 + 5*l + 10. Let g be b(-4). Let m = 93 + g. What is the highest common divisor of m and 608?
19
Suppose 63 = 4*m + 35. Suppose -4*l = 12, m*q - 130 = 2*q + 5*l. Calculate the highest common factor of 115 and q.
23
Suppose 0 = -8*l + 5*l - 18. Let k be -4 + 5 + -2 - l. Suppose 48 = k*i + 33. Calculate the highest common divisor of 24 and i.
3
Suppose -5*s - 17 = -2*u + 94, 4*s = 20. Suppose 0 = 2*z + 2*x - 74, -26 = -5*z + 2*x + 138. Calculate the greatest common factor of u and z.
34
Suppose 159 = 7*c + 600. Let s = c - -77. What is the highest common divisor of 2 and s?
2
Let w be (-3)/24 + 36/(-224) - 390/(-42). Let v = -2 - -6. Suppose v*f - 1 = -h - 0*f, -4*f = -2*h + 26. Calculate the greatest common factor of h and w.
9
Let g(k) be the second derivative of k**5/10 - k**4/6 - 5*k**3/6 + 3*k**2/2 - 6*k - 2. Let h be g(6). Calculate the highest common factor of h and 37.
37
Suppose 35*l = 22*l + a + 641, -3*l - 4*a + 131 = 0. What is the highest common factor of 112 and l?
7
Suppose 9*p - 14*p + 315 = 0. Let d be 2/(-10) + 24/20. Let v be (7/(-21))/(d/(-21)). What is the highest common factor of p and v?
7
Let b = -5788 - -10227. Calculate the greatest common factor of 23 and b.
23
Let h = -2013 + 2143. What is the greatest common divisor of 8320 and h?
130
Suppose 5*d - 13 = 7. Suppose -p + 175 = d*p. Suppose 0*l - 525 = -105*l. Calculate the greatest common factor of l and p.
5
Let a be 13 - (-10)/(40/236). Calculate the greatest common factor of a and 1224.
72
Let f(h) = 35*h - 14. Let i be f(-2). Let a be (-105)/i + 6/8. Suppose 0 = -m - 3*z + 4*z + 50, -a*z = m - 44. What is the highest common divisor of m and 36?
12
Let y be 114/4 + 1/2. Suppose 0 = -2*x - 8, -t = x - 7 - y. Let n be (12*10/6)/((0 - -22)/11). Calculate the highest common divisor of n and t.
10
Let y(d) = -d**3 - 90*d**2 - 441*d - 8. Let x be y(-5). Calculate the greatest common factor of x and 6408.
72
Let u(a) be the first derivative of 70*a**4 + 2*a**2 - 5*a - 30. Let q be u(1). What is the highest common factor of 9 and q?
9
Let w be ((-460)/(-30) + -14)*18/3. What is the greatest common divisor of w and 512?
8
Let z be (105 - 2) + 3 + 2 + -3. Suppose 0 = 2*a + 5*a - z. What is the highest common factor of 165 and a?
15
Suppose -1633 - 10283 = -662*n. Suppose c + 4*t + t - 19 = 0, -9 = -3*t. What is the greatest common factor of c and n?
2
Suppose 3*v + 4*l = 13, -10*v = -6*v - 5*l - 7. Suppose r - v*w = 94 - 3, 337 = 4*r - 3*w. Calculate the highest common factor of 369 and r.
41
Let i(f) = -4*f - 20. Let o be i(-1). Let d be (68/o)/(7/(-28)). What is the highest common factor of d and 289?
17
Let v = 714 + -712. Suppose 4*s - 2*r - 126 = 212, 0 = 5*s + r - 405. Calculate the highest common divisor of v and s.
2
Suppose -5*f + 94 = 4*u, -4*f + 146*u + 38 = 143*u. What is the greatest common factor of f and 938?
14
Suppose -93 = -4*q - 2*w - 5, 3*q + 2*w - 68 = 0. Calculate the highest common divisor of q and 1710.
10
Let l(o) = 10*o. Let u be l(0). Suppose u*k + 5*k = -p + 815, 2*p - 172 = -k. What is the highest common factor of 18 and k?
18
Let o = -63972 - -92855. Calculate the highest common divisor of o and 17.
17
Let w = -1407 - -1422. What is the greatest common